te the remainder when y is divided by 25.
19
Let o(i) = -i + 3. Let w be 4/14 - (-66)/14. Suppose 115 = -w*x + 30. Calculate the remainder when 78 is divided by o(x).
18
Let s be 19/4 + (-9)/(-36). Let k = s + -2. Suppose 2*a = y + k*y, 5*a = y + 18. What is the remainder when a is divided by 2?
0
Let c(j) = -2*j**3 + 8*j**2 + 42*j + 12. What is the remainder when 138 is divided by c(7)?
6
Let n be 47 - (-3 - 15/(-5)). Suppose -3*c = c - 28. Suppose n - c = 5*k. Calculate the remainder when 21 is divided by k.
5
Let i(l) = -2*l + 9. Let z = 9 + -16. Calculate the remainder when 5/25 - (-113)/10*6 is divided by i(z).
22
Suppose -2*r = 6*r. Suppose r = -18*g + 2*g + 704. What is the remainder when g is divided by 2/1*9/2?
8
Suppose 32*p - 44*p = -24. What is the remainder when 23 is divided by p?
1
Suppose 2*i - 960 = -2*i. Suppose 13*a + i = 9*a. Let p = -42 - a. Calculate the remainder when 68 is divided by p.
14
Let h = 57 - 36. Let s be 2/6 + 3/(54/300). Suppose s*f - 3*f = 154. Calculate the remainder when h is divided by f.
10
Let h(l) = -3*l + 12. Let m be h(4). Suppose 0 = 5*s + v - 145, 2*v + 17 - 7 = m. What is the remainder when s is divided by 17?
13
Let d be (-136)/22 + (-6)/(-33). Let f be (-644)/(-10) + d/15. Suppose 5*w = w + f. What is the remainder when w is divided by 10?
6
Suppose 0 = r - 52*r + 816. Suppose n + 4*u - 56 = 9, 3*n + u - 140 = 0. Calculate the remainder when n is divided by r.
13
Let y(v) = -v**2 - 11*v - 19. Let t be y(-9). What is the remainder when (-28 + -4)*-1*(2 + t) is divided by 18?
14
Suppose 4*u + 13 = -5*a, 0*u = 2*u - 4*a - 26. What is the remainder when 5 is divided by 2/(-5) - u*(-36)/20?
0
Suppose f + 3 = 7. Suppose -5*z = 3*j - 19, -4*z = j - 15 + f. What is the remainder when 10 is divided by j?
1
Suppose 3*p + 2*t + 24 = 221, -142 = -2*p + 4*t. Suppose -5*g = -3*n + 32, -2 + 64 = 5*n - 4*g. Calculate the remainder when p is divided by n.
11
Let w = 416 + -392. What is the remainder when 69 is divided by w?
21
Let d be (4/4 + 107)/((-2)/(-2)). Suppose -5*k = -3*g - d, -127 + 35 = -3*k - 5*g. Calculate the remainder when 91 is divided by k.
19
Let q(c) = -6*c + 2. Let i(g) = -1. Let b(z) = z - 5. Let v(d) = -3*b(d) + 15*i(d). Let m be v(1). Calculate the remainder when 38 is divided by q(m).
18
Let t(r) = 3*r - 14. Let s be t(6). Suppose m + s = 2*m. Suppose -4*w + w = 4*b - 17, m*w = b + 29. What is the remainder when 19 is divided by w?
5
Suppose -2*k + 4 = -2*y, 2*k - y = -6*y - 24. Let p = k + 6. Suppose p*t - 31 = 17. What is the remainder when 57 is divided by t?
9
Let w = 67 - 67. What is the remainder when 82 is divided by 1*-23*(w + -1)?
13
Let d = -55 + 179. What is the remainder when d is divided by 25?
24
Let g = 22 - 57. Let s = g - -80. What is the remainder when s is divided by 6?
3
Suppose 5*z + 5*p = 44 + 61, z = -5*p + 41. Suppose 0 = 4*f - 5*f + 29. What is the remainder when f is divided by z?
13
Suppose -4*j = -j, 5*m + 2*j = -10. Let c be m + -3 + 3 - -5. Suppose c*o - 9 = 2*o. What is the remainder when 34 is divided by o?
7
Let h = -27 + 48. Let d = -361 - -507. What is the remainder when d is divided by h?
20
Suppose 0 = -3*r + 17 + 31. Let s = -8972 - -9129. What is the remainder when s is divided by r?
13
Suppose 22 = 10*n - 48. What is the remainder when 109 is divided by n?
4
Suppose -8*w + 4*w = -4*r - 368, 3*r + 5*w + 300 = 0. Let a = 110 + r. What is the remainder when 58 is divided by a?
13
What is the remainder when ((70/(-20))/7)/(1/(-1368)) is divided by 16?
12
Let j = 1 + 52. Calculate the remainder when j is divided by ((-38)/(-1))/(-1 + 3).
15
Let i = -74 - -105. Suppose 2*y + 2*d - 85 = d, 0 = -y - 4*d + 32. Suppose -2*t = -6*t + y. Calculate the remainder when i is divided by t.
9
Let x(d) = -d**3 - 6*d**2 + 2. Let b be x(-6). Let q(m) = -7 + 4 + 7 - 3*m - b*m. Calculate the remainder when q(-3) is divided by 4.
3
What is the remainder when (-1512)/(-6) + (-63)/(-9) is divided by 16?
3
Suppose 4*y - 324 = 3*w + 2*w, 2*w = -3*y + 243. Suppose -4*h + y = -75. What is the remainder when h is divided by 15?
9
Suppose 4*h - 124 = -a, -2*h - a + 34 = -h. Let k = -16920 + 17006. What is the remainder when k is divided by h?
26
What is the remainder when 195 is divided by -7 + 33/11 + 27?
11
Let f(w) = -3*w**3 - 3*w - 15. Calculate the remainder when 220 is divided by f(-2).
10
Suppose h = 2, -3*t = -5*t - 5*h + 14. Suppose -5*q + 183 = 3*z - t*q, -5*z + 2*q + 298 = 0. What is the remainder when z is divided by 31?
29
Let g = 81 - 51. Suppose 649 = 4*j - 4*c + 65, 0 = 4*c - 8. Calculate the remainder when j is divided by g.
28
Suppose -n + 2*n - 5*a + 34 = 0, -4*n = 5*a + 11. Calculate the remainder when -14*n/30*(1 - -14) is divided by 13.
11
Suppose 98*y - 103*y - j + 89 = 0, 0 = 5*y - j - 91. Calculate the remainder when 538 is divided by y.
16
Suppose -58*w + 53*w = -165. What is the remainder when 328 is divided by w?
31
Suppose 0 = 5*n - 5*z - 40, 6*z - 3*z = 4*n - 27. Let j(l) = 63*l + 2. Let g be j(n). Suppose -41 = 5*m - g. Calculate the remainder when m is divided by 16.
14
Suppose -2*x + 8*i = 3*i - 120, 157 = 3*x + 4*i. Calculate the remainder when x is divided by 30.
25
Let m be ((-20)/(-8))/((-2)/(-4)). Let h(a) = 12*a - 16. Suppose 0 = -3*i + 2*l + 55, 2*i + l - 2 = 23. Calculate the remainder when h(m) is divided by i.
14
Let i(r) = -r + 11. Let z be i(6). Suppose -5*k = -0*o - 2*o + 2412, z*o - 4*k - 6064 = 0. Calculate the remainder when o/40 + (-4)/10 is divided by 8.
6
Let r be 2 - (-12)/8*34. Suppose -k + r = 2*s, 37 = -5*s - 3*k + 171. What is the remainder when 391/4 - (-5)/20 is divided by s?
23
Suppose 4*j + 3*d - 36 - 44 = 0, -4*j + 3*d + 104 = 0. What is the remainder when j is divided by 19?
4
Let y be 6/2*100/(-30). Let a = y + 13. Calculate the remainder when a is divided by 1.
0
Let i = -7 + 6. What is the remainder when (i/(-2))/(11/1386) is divided by 13?
11
Let t(j) = 2*j**3 - 10*j**2 - 4*j + 10. Let x be t(7). Let g = 73 - x. Let n = -48 - g. Calculate the remainder when n is divided by 15.
12
Let v(c) = c + 49. Calculate the remainder when 89 is divided by v(-34).
14
What is the remainder when (1 + -53)*(-153)/204 is divided by 1?
0
Let b(w) = 2*w**3 + 2*w - 3. Let s = 31 + -39. Calculate the remainder when 10*(-52)/s + 2 is divided by b(2).
16
Let z = -58 - -65. Let t(g) = -g**3 + 7*g**2 + 6*g - 16. What is the remainder when t(z) is divided by 15?
11
Suppose 4*b - 49 = -c - b, 5*c + b = 221. Suppose -6*f = -3*f - 519. What is the remainder when f is divided by c?
41
Suppose 762 = 11*v - 140. Calculate the remainder when v is divided by 33.
16
Suppose -1505 = -4*y + 3*u - 307, 2*u = -4. What is the remainder when y is divided by 38?
32
Suppose -14 = -2*s - 12. Let l be (77/21)/(s/3). Suppose -44 = -3*a - l. What is the remainder when 42 is divided by a?
9
Let c(l) = -63*l + 5. Let n be c(-4). Suppose 0 = 2*d + 2*u - n + 85, -3*d + u = -238. Calculate the remainder when d is divided by 12.
9
Suppose -5*t + 107 - 2 = 0. Calculate the remainder when ((-36)/33)/6 - 14640/(-176) is divided by t.
20
Let l(j) = -9*j**3 + 3*j**2 + 2*j + 1. Suppose 4*k + 50 = 150. Let m = -26 + k. Calculate the remainder when 19 is divided by l(m).
8
Suppose 3 + 30 = q. Let w = -92 - -99. What is the remainder when q is divided by w?
5
Suppose -4*w + q = -117, -10*w + 12*w - 3*q = 51. Suppose 14 = 2*d - 2*s, -5*d - s + 7 = -28. What is the remainder when w is divided by d?
2
Let r = -75 + 137. Suppose 4*d = -5*x + 73 - 0, 0 = 5*x - 5*d - 55. Calculate the remainder when r is divided by x.
10
Suppose -5*u + 26 = a, -2*u = -2*a + 4 - 12. Suppose u*s + 4*z = 4*s - 2, -2*s = 2*z - 26. Let r = 927 + -857. What is the remainder when r is divided by s?
16
Suppose 0 = 5*x - 3*s - 692, 5*x - 4*s = x + 552. Let r = -88 + x. What is the remainder when r is divided by 7?
2
Let w(q) = q**3 - q**2 + 11. Let z(c) = c**2 - 4*c + 6. Let f be z(4). Let k = f + -6. What is the remainder when 42 is divided by w(k)?
9
Let u = 886 - 884. Suppose 3*q = -2*n + 19, 0 = q - 3*n - 4 - 6. Suppose -24 = -4*f - j, -5*j = 2*f - 1 + q. What is the remainder when f is divided by u?
1
Suppose 2*t - 4*t + 12 = 0. Suppose -43*n = -139*n + 1536. Calculate the remainder when n is divi